{"id":2411,"date":"2025-10-02T17:48:37","date_gmt":"2025-10-02T15:48:37","guid":{"rendered":"https:\/\/www.karla-lastenrad.de\/d\/?post_type=cb_item&#038;p=2411"},"modified":"2026-03-22T16:47:05","modified_gmt":"2026-03-22T15:47:05","slug":"brasselsberg","status":"publish","type":"cb_item","link":"http:\/\/www.karla-lastenrad.de\/d\/cb_item\/brasselsberg\/","title":{"rendered":"Brasselsberg"},"content":{"rendered":"\n<figure class=\"wp-block-gallery has-nested-images columns-default is-cropped wp-block-gallery-2 is-layout-flex wp-block-gallery-is-layout-flex\">\n<figure class=\"wp-block-image size-full\"><img loading=\"lazy\" decoding=\"async\" width=\"640\" height=\"480\" data-id=\"4263\" src=\"http:\/\/www.karla-lastenrad.de\/d\/wp-content\/uploads\/2026\/02\/Lastenrad_Brasselsberg_5.jpeg\" alt=\"\" class=\"wp-image-4263\" srcset=\"http:\/\/www.karla-lastenrad.de\/d\/wp-content\/uploads\/2026\/02\/Lastenrad_Brasselsberg_5.jpeg 640w, http:\/\/www.karla-lastenrad.de\/d\/wp-content\/uploads\/2026\/02\/Lastenrad_Brasselsberg_5-300x225.jpeg 300w, http:\/\/www.karla-lastenrad.de\/d\/wp-content\/uploads\/2026\/02\/Lastenrad_Brasselsberg_5-60x45.jpeg 60w, http:\/\/www.karla-lastenrad.de\/d\/wp-content\/uploads\/2026\/02\/Lastenrad_Brasselsberg_5-100x75.jpeg 100w, http:\/\/www.karla-lastenrad.de\/d\/wp-content\/uploads\/2026\/02\/Lastenrad_Brasselsberg_5-160x120.jpeg 160w, http:\/\/www.karla-lastenrad.de\/d\/wp-content\/uploads\/2026\/02\/Lastenrad_Brasselsberg_5-533x400.jpeg 533w, http:\/\/www.karla-lastenrad.de\/d\/wp-content\/uploads\/2026\/02\/Lastenrad_Brasselsberg_5-210x158.jpeg 210w\" sizes=\"auto, (max-width: 640px) 100vw, 640px\" \/><\/figure>\n\n\n\n<figure class=\"wp-block-image size-full\"><img loading=\"lazy\" decoding=\"async\" width=\"640\" height=\"480\" data-id=\"4260\" src=\"http:\/\/www.karla-lastenrad.de\/d\/wp-content\/uploads\/2026\/02\/Lastenrad_Brasselsberg_2.jpeg\" alt=\"\" class=\"wp-image-4260\" srcset=\"http:\/\/www.karla-lastenrad.de\/d\/wp-content\/uploads\/2026\/02\/Lastenrad_Brasselsberg_2.jpeg 640w, http:\/\/www.karla-lastenrad.de\/d\/wp-content\/uploads\/2026\/02\/Lastenrad_Brasselsberg_2-300x225.jpeg 300w, http:\/\/www.karla-lastenrad.de\/d\/wp-content\/uploads\/2026\/02\/Lastenrad_Brasselsberg_2-60x45.jpeg 60w, http:\/\/www.karla-lastenrad.de\/d\/wp-content\/uploads\/2026\/02\/Lastenrad_Brasselsberg_2-100x75.jpeg 100w, http:\/\/www.karla-lastenrad.de\/d\/wp-content\/uploads\/2026\/02\/Lastenrad_Brasselsberg_2-160x120.jpeg 160w, http:\/\/www.karla-lastenrad.de\/d\/wp-content\/uploads\/2026\/02\/Lastenrad_Brasselsberg_2-533x400.jpeg 533w, http:\/\/www.karla-lastenrad.de\/d\/wp-content\/uploads\/2026\/02\/Lastenrad_Brasselsberg_2-210x158.jpeg 210w\" sizes=\"auto, (max-width: 640px) 100vw, 640px\" \/><\/figure>\n<\/figure>\n\n\n\n<p><details><summary><strong><div style=\"font-weight:bold; font-size:large;\">&#9654; Informationen zum Rad<\/strong><\/div><\/summary><p><hr\/><strong>R&#038;M Transporter 2 65<br\/><br\/>Ma\u00dfe<\/strong><br\/>Gesamtl\u00e4nge 244 cm<br>Kiste au\u00dfen ca. 67 x 65 cm<br>Durch die einstellbare Sattelh\u00f6he und den h\u00f6henverstellbaren Vorbau l\u00e4sst sich die Sitzposition an K\u00f6rpergr\u00f6\u00dfen von 1,50 m bis 2,00 m anpassen.<br\/><br\/>\n<strong>Gewichtsfreigaben:<\/strong><br\/>Ladefl\u00e4che: max. 100 kg (F\u00fcr ein sicheres Fahrverhalten muss der Ladungsschwerpunkt im hinteren Drittel der Ladefl\u00e4che und in der unteren Laderaumh\u00e4lfte liegen.)<br\/>Gep\u00e4cktr\u00e4ger: max. 20 kg<br\/><br\/><strong>Kindersitz<\/strong><br\/>Doppelkindersitz mit 5-Punkt-Gurten f\u00fcr bis zu zwei Kinder bis zur Vollendung des 7. Lebensjahres.<br\/><br\/><strong>Technische Daten:<\/strong><br\/>Bosch Smart System<br\/>Akku: 625 Wh\n<hr\/><\/details><\/p><\/p>\n\n\n\n<p><\/p>\n","protected":false},"excerpt":{"rendered":"<p>&#9654; Informationen zum Rad R&#038;M Transporter 2 65 Ma\u00dfeGesamtl\u00e4nge 244 cmKiste au\u00dfen ca. 67 x 65 cmDurch die einstellbare Sattelh\u00f6he und den h\u00f6henverstellbaren Vorbau l\u00e4sst sich die Sitzposition an K\u00f6rpergr\u00f6\u00dfen von 1,50 m bis 2,00 m anpassen. Gewichtsfreigaben:Ladefl\u00e4che: max. 100 kg (F\u00fcr ein sicheres Fahrverhalten muss der Ladungsschwerpunkt im hinteren Drittel der Ladefl\u00e4che und in [&hellip;]<\/p>\n","protected":false},"author":1,"featured_media":4262,"template":"","meta":{"footnotes":""},"cb_items_category":[],"class_list":["post-2411","cb_item","type-cb_item","status-publish","has-post-thumbnail","hentry"],"_links":{"self":[{"href":"http:\/\/www.karla-lastenrad.de\/d\/wp-json\/wp\/v2\/cb_item\/2411","targetHints":{"allow":["GET"]}}],"collection":[{"href":"http:\/\/www.karla-lastenrad.de\/d\/wp-json\/wp\/v2\/cb_item"}],"about":[{"href":"http:\/\/www.karla-lastenrad.de\/d\/wp-json\/wp\/v2\/types\/cb_item"}],"author":[{"embeddable":true,"href":"http:\/\/www.karla-lastenrad.de\/d\/wp-json\/wp\/v2\/users\/1"}],"version-history":[{"count":8,"href":"http:\/\/www.karla-lastenrad.de\/d\/wp-json\/wp\/v2\/cb_item\/2411\/revisions"}],"predecessor-version":[{"id":4834,"href":"http:\/\/www.karla-lastenrad.de\/d\/wp-json\/wp\/v2\/cb_item\/2411\/revisions\/4834"}],"wp:featuredmedia":[{"embeddable":true,"href":"http:\/\/www.karla-lastenrad.de\/d\/wp-json\/wp\/v2\/media\/4262"}],"wp:attachment":[{"href":"http:\/\/www.karla-lastenrad.de\/d\/wp-json\/wp\/v2\/media?parent=2411"}],"wp:term":[{"taxonomy":"cb_items_category","embeddable":true,"href":"http:\/\/www.karla-lastenrad.de\/d\/wp-json\/wp\/v2\/cb_items_category?post=2411"}],"curies":[{"name":"wp","href":"https:\/\/api.w.org\/{rel}","templated":true}]}}

<figure class="wp-block-gallery has-nested-images columns-default is-cropped wp-block-gallery-2 is-layout-flex wp-block-gallery-is-layout-flex">
<figure class="wp-block-image size-full"><img loading="lazy" decoding="async" width="640" height="480" data-id="4263" src="http://www.karla-lastenrad.de/d/wp-content/uploads/2026/02/Lastenrad_Brasselsberg_5.jpeg" alt="" class="wp-image-4263" srcset="http://www.karla-lastenrad.de/d/wp-content/uploads/2026/02/Lastenrad_Brasselsberg_5.jpeg 640w, http://www.karla-lastenrad.de/d/wp-content/uploads/2026/02/Lastenrad_Brasselsberg_5-300x225.jpeg 300w, http://www.karla-lastenrad.de/d/wp-content/uploads/2026/02/Lastenrad_Brasselsberg_5-60x45.jpeg 60w, http://www.karla-lastenrad.de/d/wp-content/uploads/2026/02/Lastenrad_Brasselsberg_5-100x75.jpeg 100w, http://www.karla-lastenrad.de/d/wp-content/uploads/2026/02/Lastenrad_Brasselsberg_5-160x120.jpeg 160w, http://www.karla-lastenrad.de/d/wp-content/uploads/2026/02/Lastenrad_Brasselsberg_5-533x400.jpeg 533w, http://www.karla-lastenrad.de/d/wp-content/uploads/2026/02/Lastenrad_Brasselsberg_5-210x158.jpeg 210w" sizes="auto, (max-width: 640px) 100vw, 640px" /></figure>



<figure class="wp-block-image size-full"><img loading="lazy" decoding="async" width="640" height="480" data-id="4260" src="http://www.karla-lastenrad.de/d/wp-content/uploads/2026/02/Lastenrad_Brasselsberg_2.jpeg" alt="" class="wp-image-4260" srcset="http://www.karla-lastenrad.de/d/wp-content/uploads/2026/02/Lastenrad_Brasselsberg_2.jpeg 640w, http://www.karla-lastenrad.de/d/wp-content/uploads/2026/02/Lastenrad_Brasselsberg_2-300x225.jpeg 300w, http://www.karla-lastenrad.de/d/wp-content/uploads/2026/02/Lastenrad_Brasselsberg_2-60x45.jpeg 60w, http://www.karla-lastenrad.de/d/wp-content/uploads/2026/02/Lastenrad_Brasselsberg_2-100x75.jpeg 100w, http://www.karla-lastenrad.de/d/wp-content/uploads/2026/02/Lastenrad_Brasselsberg_2-160x120.jpeg 160w, http://www.karla-lastenrad.de/d/wp-content/uploads/2026/02/Lastenrad_Brasselsberg_2-533x400.jpeg 533w, http://www.karla-lastenrad.de/d/wp-content/uploads/2026/02/Lastenrad_Brasselsberg_2-210x158.jpeg 210w" sizes="auto, (max-width: 640px) 100vw, 640px" /></figure>
</figure>



<p><details><summary><strong><div style="font-weight:bold; font-size:large;">&#9654; Informationen zum Rad</strong></div></summary><p><hr/><strong>R&#038;M Transporter 2 65<br/><br/>Maße</strong><br/>Gesamtlänge 244 cm<br>Kiste außen ca. 67 x 65 cm<br>Durch die einstellbare Sattelhöhe und den höhenverstellbaren Vorbau lässt sich die Sitzposition an Körpergrößen von 1,50 m bis 2,00 m anpassen.<br/><br/>
<strong>Gewichtsfreigaben:</strong><br/>Ladefläche: max. 100 kg (Für ein sicheres Fahrverhalten muss der Ladungsschwerpunkt im hinteren Drittel der Ladefläche und in der unteren Laderaumhälfte liegen.)<br/>Gepäckträger: max. 20 kg<br/><br/><strong>Kindersitz</strong><br/>Doppelkindersitz mit 5-Punkt-Gurten für bis zu zwei Kinder bis zur Vollendung des 7. Lebensjahres.<br/><br/><strong>Technische Daten:</strong><br/>Bosch Smart System<br/>Akku: 625 Wh
<hr/></details></p></p>



<p></p>

<p>&#9654; Informationen zum Rad R&#038;M Transporter 2 65 MaßeGesamtlänge 244 cmKiste außen ca. 67 x 65 cmDurch die einstellbare Sattelhöhe und den höhenverstellbaren Vorbau lässt sich die Sitzposition an Körpergrößen von 1,50 m bis 2,00 m anpassen. Gewichtsfreigaben:Ladefläche: max. 100 kg (Für ein sicheres Fahrverhalten muss der Ladungsschwerpunkt im hinteren Drittel der Ladefläche und in [&hellip;]</p>
