{"id":2429,"date":"2025-10-02T17:53:35","date_gmt":"2025-10-02T15:53:35","guid":{"rendered":"https:\/\/www.karla-lastenrad.de\/d\/?post_type=cb_item&#038;p=2429"},"modified":"2026-03-15T09:00:10","modified_gmt":"2026-03-15T08:00:10","slug":"wolfsanger-hasenhecke","status":"publish","type":"cb_item","link":"http:\/\/www.karla-lastenrad.de\/d\/cb_item\/wolfsanger-hasenhecke\/","title":{"rendered":"Wolfsanger-Hasenhecke"},"content":{"rendered":"\n<figure class=\"wp-block-gallery aligncenter has-nested-images columns-default is-cropped wp-block-gallery-2 is-layout-flex wp-block-gallery-is-layout-flex\">\n<figure class=\"wp-block-image size-medium\"><img loading=\"lazy\" decoding=\"async\" width=\"300\" height=\"169\" data-id=\"3601\" src=\"https:\/\/www.karla-lastenrad.de\/d\/wp-content\/uploads\/2025\/12\/IMG_20250829_Tuer_ohneAbdeckung_kl-300x169.jpg\" alt=\"\" class=\"wp-image-3601\" srcset=\"http:\/\/www.karla-lastenrad.de\/d\/wp-content\/uploads\/2025\/12\/IMG_20250829_Tuer_ohneAbdeckung_kl-300x169.jpg 300w, http:\/\/www.karla-lastenrad.de\/d\/wp-content\/uploads\/2025\/12\/IMG_20250829_Tuer_ohneAbdeckung_kl-1024x576.jpg 1024w, http:\/\/www.karla-lastenrad.de\/d\/wp-content\/uploads\/2025\/12\/IMG_20250829_Tuer_ohneAbdeckung_kl-768x432.jpg 768w, http:\/\/www.karla-lastenrad.de\/d\/wp-content\/uploads\/2025\/12\/IMG_20250829_Tuer_ohneAbdeckung_kl-1536x864.jpg 1536w, http:\/\/www.karla-lastenrad.de\/d\/wp-content\/uploads\/2025\/12\/IMG_20250829_Tuer_ohneAbdeckung_kl-60x34.jpg 60w, http:\/\/www.karla-lastenrad.de\/d\/wp-content\/uploads\/2025\/12\/IMG_20250829_Tuer_ohneAbdeckung_kl-100x56.jpg 100w, http:\/\/www.karla-lastenrad.de\/d\/wp-content\/uploads\/2025\/12\/IMG_20250829_Tuer_ohneAbdeckung_kl-160x90.jpg 160w, http:\/\/www.karla-lastenrad.de\/d\/wp-content\/uploads\/2025\/12\/IMG_20250829_Tuer_ohneAbdeckung_kl-711x400.jpg 711w, http:\/\/www.karla-lastenrad.de\/d\/wp-content\/uploads\/2025\/12\/IMG_20250829_Tuer_ohneAbdeckung_kl-210x118.jpg 210w, http:\/\/www.karla-lastenrad.de\/d\/wp-content\/uploads\/2025\/12\/IMG_20250829_Tuer_ohneAbdeckung_kl.jpg 2000w\" sizes=\"auto, (max-width: 300px) 100vw, 300px\" \/><\/figure>\n\n\n\n<figure class=\"wp-block-image size-medium\"><img loading=\"lazy\" decoding=\"async\" width=\"300\" height=\"169\" data-id=\"4667\" src=\"http:\/\/www.karla-lastenrad.de\/d\/wp-content\/uploads\/2026\/03\/KARLA_Wolfsanger_Fahrrad_u_Box-300x169.jpeg\" alt=\"KARLA Wolfsanger-Hasenecke CUBE Dual Hybrid\" class=\"wp-image-4667\" srcset=\"http:\/\/www.karla-lastenrad.de\/d\/wp-content\/uploads\/2026\/03\/KARLA_Wolfsanger_Fahrrad_u_Box-300x169.jpeg 300w, http:\/\/www.karla-lastenrad.de\/d\/wp-content\/uploads\/2026\/03\/KARLA_Wolfsanger_Fahrrad_u_Box-1024x576.jpeg 1024w, http:\/\/www.karla-lastenrad.de\/d\/wp-content\/uploads\/2026\/03\/KARLA_Wolfsanger_Fahrrad_u_Box-768x432.jpeg 768w, http:\/\/www.karla-lastenrad.de\/d\/wp-content\/uploads\/2026\/03\/KARLA_Wolfsanger_Fahrrad_u_Box-1536x864.jpeg 1536w, http:\/\/www.karla-lastenrad.de\/d\/wp-content\/uploads\/2026\/03\/KARLA_Wolfsanger_Fahrrad_u_Box-60x34.jpeg 60w, http:\/\/www.karla-lastenrad.de\/d\/wp-content\/uploads\/2026\/03\/KARLA_Wolfsanger_Fahrrad_u_Box-100x56.jpeg 100w, http:\/\/www.karla-lastenrad.de\/d\/wp-content\/uploads\/2026\/03\/KARLA_Wolfsanger_Fahrrad_u_Box-160x90.jpeg 160w, http:\/\/www.karla-lastenrad.de\/d\/wp-content\/uploads\/2026\/03\/KARLA_Wolfsanger_Fahrrad_u_Box-711x400.jpeg 711w, http:\/\/www.karla-lastenrad.de\/d\/wp-content\/uploads\/2026\/03\/KARLA_Wolfsanger_Fahrrad_u_Box-210x118.jpeg 210w, http:\/\/www.karla-lastenrad.de\/d\/wp-content\/uploads\/2026\/03\/KARLA_Wolfsanger_Fahrrad_u_Box.jpeg 2048w\" sizes=\"auto, (max-width: 300px) 100vw, 300px\" \/><\/figure>\n<\/figure>\n\n\n\n<p><details><summary><strong><div style=\"font-weight:bold; font-size:large;\">&#9654; Informationen zum Rad<\/strong><\/div><\/summary><p><hr\/><strong>Cube Cargo Dual Hybrid 1000<br\/><br\/>!!Wichtiger Hinweis: <\/strong>Wegen der gro\u00dfen Ladekiste passt das Rad mit aufgespannter Abdeckung nicht in die Box. Deswegen vor dem Einstellen des Rads in die Box die Abdeckung abnehmen und in die Ladekiste legen.<br\/>Es bietet sich weiterhin an das Ladeger\u00e4t au\u00dferhalb der Box in die Ladebuchse einzustecken und den Stecker des Ladeger\u00e4ts, nachdem das Fahrrad in der Box steht, in die Steckdose zu stecken.<br\/><br\/><strong>Gewichte<\/strong><br\/>Leergewicht: ca. 51 kg<br\/>max. Gesamtgewicht: 220 kg<br\/>Zuladung: 60 kg<br\/>Fahrer: max. 110 kg<br\/>Gep\u00e4cktr\u00e4ger wird noch nachger\u00fcstet<br\/><br\/>\n<strong>Technische Daten<\/strong><br\/>Schaltung: Enviolo stufenlose Nabenschaltung mit Kette<br\/>Display: Bosch Intuvia<br\/>Akku: Bosch Dual Battery 1000 Wh<br\/>Ladeger\u00e4t: Bosch 4A <br\/><br\/><strong>Sonstiges<\/strong><br\/>Empfohlene K\u00f6rpergr\u00f6\u00dfe: 160 &#8211; 190 cm<br\/>\n<hr\/><\/details><br\/><\/p><\/p>\n","protected":false},"excerpt":{"rendered":"<p>&#9654; Informationen zum Rad Cube Cargo Dual Hybrid 1000 !!Wichtiger Hinweis: Wegen der gro\u00dfen Ladekiste passt das Rad mit aufgespannter Abdeckung nicht in die Box. Deswegen vor dem Einstellen des Rads in die Box die Abdeckung abnehmen und in die Ladekiste legen.Es bietet sich weiterhin an das Ladeger\u00e4t au\u00dferhalb der Box in die Ladebuchse einzustecken [&hellip;]<\/p>\n","protected":false},"author":1,"featured_media":3599,"template":"","meta":{"footnotes":""},"cb_items_category":[],"class_list":["post-2429","cb_item","type-cb_item","status-publish","has-post-thumbnail","hentry"],"_links":{"self":[{"href":"http:\/\/www.karla-lastenrad.de\/d\/wp-json\/wp\/v2\/cb_item\/2429","targetHints":{"allow":["GET"]}}],"collection":[{"href":"http:\/\/www.karla-lastenrad.de\/d\/wp-json\/wp\/v2\/cb_item"}],"about":[{"href":"http:\/\/www.karla-lastenrad.de\/d\/wp-json\/wp\/v2\/types\/cb_item"}],"author":[{"embeddable":true,"href":"http:\/\/www.karla-lastenrad.de\/d\/wp-json\/wp\/v2\/users\/1"}],"version-history":[{"count":8,"href":"http:\/\/www.karla-lastenrad.de\/d\/wp-json\/wp\/v2\/cb_item\/2429\/revisions"}],"predecessor-version":[{"id":4668,"href":"http:\/\/www.karla-lastenrad.de\/d\/wp-json\/wp\/v2\/cb_item\/2429\/revisions\/4668"}],"wp:featuredmedia":[{"embeddable":true,"href":"http:\/\/www.karla-lastenrad.de\/d\/wp-json\/wp\/v2\/media\/3599"}],"wp:attachment":[{"href":"http:\/\/www.karla-lastenrad.de\/d\/wp-json\/wp\/v2\/media?parent=2429"}],"wp:term":[{"taxonomy":"cb_items_category","embeddable":true,"href":"http:\/\/www.karla-lastenrad.de\/d\/wp-json\/wp\/v2\/cb_items_category?post=2429"}],"curies":[{"name":"wp","href":"https:\/\/api.w.org\/{rel}","templated":true}]}}

<figure class="wp-block-gallery aligncenter has-nested-images columns-default is-cropped wp-block-gallery-2 is-layout-flex wp-block-gallery-is-layout-flex">
<figure class="wp-block-image size-medium"><img loading="lazy" decoding="async" width="300" height="169" data-id="3601" src="https://www.karla-lastenrad.de/d/wp-content/uploads/2025/12/IMG_20250829_Tuer_ohneAbdeckung_kl-300x169.jpg" alt="" class="wp-image-3601" srcset="http://www.karla-lastenrad.de/d/wp-content/uploads/2025/12/IMG_20250829_Tuer_ohneAbdeckung_kl-300x169.jpg 300w, http://www.karla-lastenrad.de/d/wp-content/uploads/2025/12/IMG_20250829_Tuer_ohneAbdeckung_kl-1024x576.jpg 1024w, http://www.karla-lastenrad.de/d/wp-content/uploads/2025/12/IMG_20250829_Tuer_ohneAbdeckung_kl-768x432.jpg 768w, http://www.karla-lastenrad.de/d/wp-content/uploads/2025/12/IMG_20250829_Tuer_ohneAbdeckung_kl-1536x864.jpg 1536w, http://www.karla-lastenrad.de/d/wp-content/uploads/2025/12/IMG_20250829_Tuer_ohneAbdeckung_kl-60x34.jpg 60w, http://www.karla-lastenrad.de/d/wp-content/uploads/2025/12/IMG_20250829_Tuer_ohneAbdeckung_kl-100x56.jpg 100w, http://www.karla-lastenrad.de/d/wp-content/uploads/2025/12/IMG_20250829_Tuer_ohneAbdeckung_kl-160x90.jpg 160w, http://www.karla-lastenrad.de/d/wp-content/uploads/2025/12/IMG_20250829_Tuer_ohneAbdeckung_kl-711x400.jpg 711w, http://www.karla-lastenrad.de/d/wp-content/uploads/2025/12/IMG_20250829_Tuer_ohneAbdeckung_kl-210x118.jpg 210w, http://www.karla-lastenrad.de/d/wp-content/uploads/2025/12/IMG_20250829_Tuer_ohneAbdeckung_kl.jpg 2000w" sizes="auto, (max-width: 300px) 100vw, 300px" /></figure>



<figure class="wp-block-image size-medium"><img loading="lazy" decoding="async" width="300" height="169" data-id="4667" src="http://www.karla-lastenrad.de/d/wp-content/uploads/2026/03/KARLA_Wolfsanger_Fahrrad_u_Box-300x169.jpeg" alt="KARLA Wolfsanger-Hasenecke CUBE Dual Hybrid" class="wp-image-4667" srcset="http://www.karla-lastenrad.de/d/wp-content/uploads/2026/03/KARLA_Wolfsanger_Fahrrad_u_Box-300x169.jpeg 300w, http://www.karla-lastenrad.de/d/wp-content/uploads/2026/03/KARLA_Wolfsanger_Fahrrad_u_Box-1024x576.jpeg 1024w, http://www.karla-lastenrad.de/d/wp-content/uploads/2026/03/KARLA_Wolfsanger_Fahrrad_u_Box-768x432.jpeg 768w, http://www.karla-lastenrad.de/d/wp-content/uploads/2026/03/KARLA_Wolfsanger_Fahrrad_u_Box-1536x864.jpeg 1536w, http://www.karla-lastenrad.de/d/wp-content/uploads/2026/03/KARLA_Wolfsanger_Fahrrad_u_Box-60x34.jpeg 60w, http://www.karla-lastenrad.de/d/wp-content/uploads/2026/03/KARLA_Wolfsanger_Fahrrad_u_Box-100x56.jpeg 100w, http://www.karla-lastenrad.de/d/wp-content/uploads/2026/03/KARLA_Wolfsanger_Fahrrad_u_Box-160x90.jpeg 160w, http://www.karla-lastenrad.de/d/wp-content/uploads/2026/03/KARLA_Wolfsanger_Fahrrad_u_Box-711x400.jpeg 711w, http://www.karla-lastenrad.de/d/wp-content/uploads/2026/03/KARLA_Wolfsanger_Fahrrad_u_Box-210x118.jpeg 210w, http://www.karla-lastenrad.de/d/wp-content/uploads/2026/03/KARLA_Wolfsanger_Fahrrad_u_Box.jpeg 2048w" sizes="auto, (max-width: 300px) 100vw, 300px" /></figure>
</figure>



<p><details><summary><strong><div style="font-weight:bold; font-size:large;">&#9654; Informationen zum Rad</strong></div></summary><p><hr/><strong>Cube Cargo Dual Hybrid 1000<br/><br/>!!Wichtiger Hinweis: </strong>Wegen der großen Ladekiste passt das Rad mit aufgespannter Abdeckung nicht in die Box. Deswegen vor dem Einstellen des Rads in die Box die Abdeckung abnehmen und in die Ladekiste legen.<br/>Es bietet sich weiterhin an das Ladegerät außerhalb der Box in die Ladebuchse einzustecken und den Stecker des Ladegeräts, nachdem das Fahrrad in der Box steht, in die Steckdose zu stecken.<br/><br/><strong>Gewichte</strong><br/>Leergewicht: ca. 51 kg<br/>max. Gesamtgewicht: 220 kg<br/>Zuladung: 60 kg<br/>Fahrer: max. 110 kg<br/>Gepäckträger wird noch nachgerüstet<br/><br/>
<strong>Technische Daten</strong><br/>Schaltung: Enviolo stufenlose Nabenschaltung mit Kette<br/>Display: Bosch Intuvia<br/>Akku: Bosch Dual Battery 1000 Wh<br/>Ladegerät: Bosch 4A <br/><br/><strong>Sonstiges</strong><br/>Empfohlene Körpergröße: 160 &#8211; 190 cm<br/>
<hr/></details><br/></p></p>

<p>&#9654; Informationen zum Rad Cube Cargo Dual Hybrid 1000 !!Wichtiger Hinweis: Wegen der großen Ladekiste passt das Rad mit aufgespannter Abdeckung nicht in die Box. Deswegen vor dem Einstellen des Rads in die Box die Abdeckung abnehmen und in die Ladekiste legen.Es bietet sich weiterhin an das Ladegerät außerhalb der Box in die Ladebuchse einzustecken [&hellip;]</p>
