{"id":960,"date":"2025-07-08T14:41:00","date_gmt":"2025-07-08T12:41:00","guid":{"rendered":"https:\/\/www.carla-lastenrad.de\/d\/?post_type=cb_item&#038;p=960"},"modified":"2026-03-15T10:29:23","modified_gmt":"2026-03-15T09:29:23","slug":"suedstadt-rm-transporter65","status":"publish","type":"cb_item","link":"https:\/\/www.karla-lastenrad.de\/d\/cb_item\/suedstadt-rm-transporter65\/","title":{"rendered":"S\u00fcdstadt R&amp;M Transporter65"},"content":{"rendered":"\n<div class=\"wp-block-group\"><div class=\"wp-block-group__inner-container is-layout-constrained wp-block-group-is-layout-constrained\">\n<figure class=\"wp-block-gallery has-nested-images columns-default is-cropped wp-block-gallery-2 is-layout-flex wp-block-gallery-is-layout-flex\">\n<figure class=\"wp-block-image size-large\"><img loading=\"lazy\" decoding=\"async\" width=\"1024\" height=\"576\" data-id=\"1539\" src=\"http:\/\/www.karla-lastenrad.de\/d\/wp-content\/uploads\/2025\/06\/IMG_20250806_Box_Suedstadt_weitRad_klein-1024x576.jpg\" alt=\"KARLA S\u00fcdstadt R&amp;M Transporter 65\" class=\"wp-image-1539\" style=\"aspect-ratio:1\"\/><\/figure>\n\n\n\n<figure class=\"wp-block-image size-large\"><img loading=\"lazy\" decoding=\"async\" width=\"890\" height=\"1024\" data-id=\"4685\" src=\"https:\/\/www.karla-lastenrad.de\/d\/wp-content\/uploads\/2026\/03\/2025-08-06_RM_Transp65_Orangerie_hoch_kl-e1773566384848-890x1024.jpg\" alt=\"KARLA R&amp;M Transporter 65\" class=\"wp-image-4685\" style=\"aspect-ratio:1\" srcset=\"https:\/\/www.karla-lastenrad.de\/d\/wp-content\/uploads\/2026\/03\/2025-08-06_RM_Transp65_Orangerie_hoch_kl-e1773566384848-890x1024.jpg 890w, https:\/\/www.karla-lastenrad.de\/d\/wp-content\/uploads\/2026\/03\/2025-08-06_RM_Transp65_Orangerie_hoch_kl-e1773566384848-261x300.jpg 261w, https:\/\/www.karla-lastenrad.de\/d\/wp-content\/uploads\/2026\/03\/2025-08-06_RM_Transp65_Orangerie_hoch_kl-e1773566384848-768x883.jpg 768w, https:\/\/www.karla-lastenrad.de\/d\/wp-content\/uploads\/2026\/03\/2025-08-06_RM_Transp65_Orangerie_hoch_kl-e1773566384848-52x60.jpg 52w, https:\/\/www.karla-lastenrad.de\/d\/wp-content\/uploads\/2026\/03\/2025-08-06_RM_Transp65_Orangerie_hoch_kl-e1773566384848-87x100.jpg 87w, https:\/\/www.karla-lastenrad.de\/d\/wp-content\/uploads\/2026\/03\/2025-08-06_RM_Transp65_Orangerie_hoch_kl-e1773566384848-122x140.jpg 122w, https:\/\/www.karla-lastenrad.de\/d\/wp-content\/uploads\/2026\/03\/2025-08-06_RM_Transp65_Orangerie_hoch_kl-e1773566384848-348x400.jpg 348w, https:\/\/www.karla-lastenrad.de\/d\/wp-content\/uploads\/2026\/03\/2025-08-06_RM_Transp65_Orangerie_hoch_kl-e1773566384848-183x210.jpg 183w, https:\/\/www.karla-lastenrad.de\/d\/wp-content\/uploads\/2026\/03\/2025-08-06_RM_Transp65_Orangerie_hoch_kl-e1773566384848.jpg 900w\" sizes=\"auto, (max-width: 890px) 100vw, 890px\" \/><\/figure>\n<\/figure>\n\n\n\n<p><\/p>\n\n\n\n<p><details><summary><strong><div style=\"font-weight:bold; font-size:large;\">&#9654; Informationen zum Rad<\/strong><\/div><\/summary><p><hr\/><strong>Ma\u00dfe<\/strong><br\/>Gesamtl\u00e4nge 249 cm<br>Kiste au\u00dfen ca. 70 x 60 cm<br>Durch die einstellbare Sattelh\u00f6he und den h\u00f6henverstellbaren Vorbau l\u00e4sst sich die Sitzposition an K\u00f6rpergr\u00f6\u00dfen von 1,50 m bis 2,00 m anpassen.<br\/><br\/>\n<strong>Gewichtsfreigaben:<\/strong><br\/>Ladefl\u00e4che: max. 65 kg (F\u00fcr ein sicheres Fahrverhalten muss der Ladungsschwerpunkt im hinteren Drittel der Ladefl\u00e4che und in der unteren Laderaumh\u00e4lfte liegen.)<br\/>Gep\u00e4cktr\u00e4ger: max. 27 kg<br\/><br\/><strong>Technische Daten:<\/strong><br\/>Bosch Smart System<br\/>Akku: 625 Wh\n<hr\/><\/details><\/p><\/p>\n<\/div><\/div>\n","protected":false},"excerpt":{"rendered":"<p>&#9654; Informationen zum Rad Ma\u00dfeGesamtl\u00e4nge 249 cmKiste au\u00dfen ca. 70 x 60 cmDurch die einstellbare Sattelh\u00f6he und den h\u00f6henverstellbaren Vorbau l\u00e4sst sich die Sitzposition an K\u00f6rpergr\u00f6\u00dfen von 1,50 m bis 2,00 m anpassen. Gewichtsfreigaben:Ladefl\u00e4che: max. 65 kg (F\u00fcr ein sicheres Fahrverhalten muss der Ladungsschwerpunkt im hinteren Drittel der Ladefl\u00e4che und in der unteren Laderaumh\u00e4lfte liegen.)Gep\u00e4cktr\u00e4ger: [&hellip;]<\/p>\n","protected":false},"author":1,"featured_media":1598,"template":"","meta":{"footnotes":""},"cb_items_category":[],"class_list":["post-960","cb_item","type-cb_item","status-publish","has-post-thumbnail","hentry"],"_links":{"self":[{"href":"https:\/\/www.karla-lastenrad.de\/d\/wp-json\/wp\/v2\/cb_item\/960","targetHints":{"allow":["GET"]}}],"collection":[{"href":"https:\/\/www.karla-lastenrad.de\/d\/wp-json\/wp\/v2\/cb_item"}],"about":[{"href":"https:\/\/www.karla-lastenrad.de\/d\/wp-json\/wp\/v2\/types\/cb_item"}],"author":[{"embeddable":true,"href":"https:\/\/www.karla-lastenrad.de\/d\/wp-json\/wp\/v2\/users\/1"}],"version-history":[{"count":21,"href":"https:\/\/www.karla-lastenrad.de\/d\/wp-json\/wp\/v2\/cb_item\/960\/revisions"}],"predecessor-version":[{"id":4687,"href":"https:\/\/www.karla-lastenrad.de\/d\/wp-json\/wp\/v2\/cb_item\/960\/revisions\/4687"}],"wp:featuredmedia":[{"embeddable":true,"href":"https:\/\/www.karla-lastenrad.de\/d\/wp-json\/wp\/v2\/media\/1598"}],"wp:attachment":[{"href":"https:\/\/www.karla-lastenrad.de\/d\/wp-json\/wp\/v2\/media?parent=960"}],"wp:term":[{"taxonomy":"cb_items_category","embeddable":true,"href":"https:\/\/www.karla-lastenrad.de\/d\/wp-json\/wp\/v2\/cb_items_category?post=960"}],"curies":[{"name":"wp","href":"https:\/\/api.w.org\/{rel}","templated":true}]}}

Südstadt R&amp;M Transporter65

<div class="wp-block-group"><div class="wp-block-group__inner-container is-layout-constrained wp-block-group-is-layout-constrained">
<figure class="wp-block-gallery has-nested-images columns-default is-cropped wp-block-gallery-2 is-layout-flex wp-block-gallery-is-layout-flex">
<figure class="wp-block-image size-large"><img loading="lazy" decoding="async" width="1024" height="576" data-id="1539" src="http://www.karla-lastenrad.de/d/wp-content/uploads/2025/06/IMG_20250806_Box_Suedstadt_weitRad_klein-1024x576.jpg" alt="KARLA Südstadt R&amp;M Transporter 65" class="wp-image-1539" style="aspect-ratio:1"/></figure>



<figure class="wp-block-image size-large"><img loading="lazy" decoding="async" width="890" height="1024" data-id="4685" src="https://www.karla-lastenrad.de/d/wp-content/uploads/2026/03/2025-08-06_RM_Transp65_Orangerie_hoch_kl-e1773566384848-890x1024.jpg" alt="KARLA R&amp;M Transporter 65" class="wp-image-4685" style="aspect-ratio:1" srcset="https://www.karla-lastenrad.de/d/wp-content/uploads/2026/03/2025-08-06_RM_Transp65_Orangerie_hoch_kl-e1773566384848-890x1024.jpg 890w, https://www.karla-lastenrad.de/d/wp-content/uploads/2026/03/2025-08-06_RM_Transp65_Orangerie_hoch_kl-e1773566384848-261x300.jpg 261w, https://www.karla-lastenrad.de/d/wp-content/uploads/2026/03/2025-08-06_RM_Transp65_Orangerie_hoch_kl-e1773566384848-768x883.jpg 768w, https://www.karla-lastenrad.de/d/wp-content/uploads/2026/03/2025-08-06_RM_Transp65_Orangerie_hoch_kl-e1773566384848-52x60.jpg 52w, https://www.karla-lastenrad.de/d/wp-content/uploads/2026/03/2025-08-06_RM_Transp65_Orangerie_hoch_kl-e1773566384848-87x100.jpg 87w, https://www.karla-lastenrad.de/d/wp-content/uploads/2026/03/2025-08-06_RM_Transp65_Orangerie_hoch_kl-e1773566384848-122x140.jpg 122w, https://www.karla-lastenrad.de/d/wp-content/uploads/2026/03/2025-08-06_RM_Transp65_Orangerie_hoch_kl-e1773566384848-348x400.jpg 348w, https://www.karla-lastenrad.de/d/wp-content/uploads/2026/03/2025-08-06_RM_Transp65_Orangerie_hoch_kl-e1773566384848-183x210.jpg 183w, https://www.karla-lastenrad.de/d/wp-content/uploads/2026/03/2025-08-06_RM_Transp65_Orangerie_hoch_kl-e1773566384848.jpg 900w" sizes="auto, (max-width: 890px) 100vw, 890px" /></figure>
</figure>



<p></p>



<p><details><summary><strong><div style="font-weight:bold; font-size:large;">&#9654; Informationen zum Rad</strong></div></summary><p><hr/><strong>Maße</strong><br/>Gesamtlänge 249 cm<br>Kiste außen ca. 70 x 60 cm<br>Durch die einstellbare Sattelhöhe und den höhenverstellbaren Vorbau lässt sich die Sitzposition an Körpergrößen von 1,50 m bis 2,00 m anpassen.<br/><br/>
<strong>Gewichtsfreigaben:</strong><br/>Ladefläche: max. 65 kg (Für ein sicheres Fahrverhalten muss der Ladungsschwerpunkt im hinteren Drittel der Ladefläche und in der unteren Laderaumhälfte liegen.)<br/>Gepäckträger: max. 27 kg<br/><br/><strong>Technische Daten:</strong><br/>Bosch Smart System<br/>Akku: 625 Wh
<hr/></details></p></p>
</div></div>

<p>&#9654; Informationen zum Rad MaßeGesamtlänge 249 cmKiste außen ca. 70 x 60 cmDurch die einstellbare Sattelhöhe und den höhenverstellbaren Vorbau lässt sich die Sitzposition an Körpergrößen von 1,50 m bis 2,00 m anpassen. Gewichtsfreigaben:Ladefläche: max. 65 kg (Für ein sicheres Fahrverhalten muss der Ladungsschwerpunkt im hinteren Drittel der Ladefläche und in der unteren Laderaumhälfte liegen.)Gepäckträger: [&hellip;]</p>
