{"id":123,"date":"2025-04-13T20:33:29","date_gmt":"2025-04-13T18:33:29","guid":{"rendered":"https:\/\/www.carla-lastenrad.de\/d\/?page_id=123"},"modified":"2025-11-03T17:46:31","modified_gmt":"2025-11-03T16:46:31","slug":"impressum","status":"publish","type":"page","link":"https:\/\/www.karla-lastenrad.de\/d\/impressum\/","title":{"rendered":"Impressum"},"content":{"rendered":"\n<h4 class=\"wp-block-heading\">Vereinsanschrift<\/h4>\n\n\n\n<p>Materialverteilung Kassel e.V.<br>Lange Str. 39<br>34131 Kassel<br>kontakt [at] materialverteilung.org<\/p>\n\n\n\n<h4 class=\"wp-block-heading\">Postanschrift<\/h4>\n\n\n\n<p>Materialverteilung Kassel e.V.<br> &#8211; KARLA-Projekt &#8211;<br>K\u00f6lnische Str. 183<br>34119 Kassel<\/p>\n\n\n\n<h4 class=\"wp-block-heading\">Vertreten durch:  <\/h4>\n\n\n\n<p>Jens Steuber (1. Vorsitzender)<br>Ralf Meier-B\u00f6ke (2. Vorsitzender)<\/p>\n\n\n\n<h4 class=\"wp-block-heading\">Eintragung im Vereinsregister<\/h4>\n\n\n\n<p>Amtsgericht Kassel, VR 5721<\/p>\n\n\n\n<h4 class=\"wp-block-heading\">Kontakt<\/h4>\n\n\n\n<p>Telefon: 0049 561 879 478 11<br>E-Mail: info@karla-lastenrad.de<br><strong>Notfallnr.<\/strong> (nur bei St\u00f6rungen der Ausleihe): 0155 6026 9004<\/p>\n\n\n\n<h4 class=\"wp-block-heading\">Spendenkonto<\/h4>\n\n\n\n<p><strong>Kontoinhaber<\/strong>: Materialverteilung Kassel e.V.<br><strong>Geldinstitut<\/strong>: Kasseler Sparkasse<br><strong>BIC<\/strong>: HELADEF1KAS<br><strong>IBAN<\/strong>: DE89 5205 0353 0002 2276 90<br><strong>Verw.Zweck<\/strong>: &#8222;Projekt KARLA&#8220;<\/p>\n\n\n\n<h4 class=\"wp-block-heading\">Verantwortlich f\u00fcr den Inhalt nach \u00a7 55 Abs. 2 RStV: <\/h4>\n\n\n\n<h4 class=\"wp-block-heading\">Haftung f\u00fcr Inhalte <\/h4>\n\n\n\n<p>Alle Inhalte unseres Internetauftritts wurden mit gr\u00f6\u00dfter Sorgfalt und nach bestem Gewissen erstellt. F\u00fcr die Richtigkeit, Vollst\u00e4ndigkeit und Aktualit\u00e4t der Inhalte k\u00f6nnen wir jedoch keine Gew\u00e4hr \u00fcbernehmen. Als   Diensteanbieter sind wir gem\u00e4\u00df \u00a7 7 Abs.1 TMG f\u00fcr eigene Inhalte auf diesen Seiten nach den allgemeinen Gesetzen verantwortlich. Nach \u00a7\u00a7 8 bis 10 TMG sind wir als Diensteanbieter jedoch nicht verpflichtet, \u00fcbermittelte oder gespeicherte fremde Informationen zu \u00fcberwachen oder nach Umst\u00e4nden zu forschen, die auf eine rechtswidrige T\u00e4tigkeit hinweisen. Verpflichtungen zur Entfernung oder Sperrung der Nutzung von Informationen nach den allgemeinen Gesetzen bleiben hiervon unber\u00fchrt. <br><br>Eine diesbez\u00fcgliche Haftung ist jedoch erst ab dem Zeitpunkt der Kenntniserlangung einer konkreten Rechtsverletzung m\u00f6glich. Bei Bekanntwerden von den o.g. Rechtsverletzungen werden wir diese Inhalte unverz\u00fcglich entfernen.  <\/p>\n\n\n\n<h4 class=\"wp-block-heading\">Haftungsbeschr\u00e4nkung f\u00fcr externe Links <\/h4>\n\n\n\n<p>Unser Angebot enth\u00e4lt Links zu externen Websites Dritter, auf deren Inhalte wir keinen Einfluss haben. Deshalb k\u00f6nnen wir f\u00fcr diese fremden Inhalte auch keine Gew\u00e4hr \u00fcbernehmen. F\u00fcr die Inhalte der verlinkten Seiten ist stets der jeweilige Anbieter oder Betreiber der Seiten verantwortlich. Die verlinkten Seiten wurden zum Zeitpunkt der Verlinkung auf m\u00f6gliche Rechtsverst\u00f6\u00dfe \u00fcberpr\u00fcft.<br> Rechtswidrige Inhalte waren zum Zeitpunkt der Verlinkung nicht erkennbar.<br><br>Eine permanente inhaltliche Kontrolle der verlinkten Seiten ist jedoch ohne konkrete Anhaltspunkte einer Rechtsverletzung nicht zumutbar. Bei Bekanntwerden von Rechtsverletzungen werden wir derartige Links umgehend entfernen.<\/p>\n\n\n\n<h4 class=\"wp-block-heading\"><strong>Urheberrecht<\/strong> <\/h4>\n\n\n\n<p>Die durch die Seitenbetreiber erstellten Inhalte und Werke auf diesen Seiten unterliegen dem deutschen Urheberrecht. Die Vervielf\u00e4ltigung, Bearbeitung, Verbreitung und jede Art der Verwertung au\u00dferhalb der Grenzen des Urheberrechtes bed\u00fcrfen der schriftlichen Zustimmung des jeweiligen Autors bzw. Erstellers. Downloads und Kopien dieser Seite sind nur f\u00fcr den privaten, nicht kommerziellen Gebrauch gestattet. <br> Soweit die Inhalte auf dieser Seite nicht vom Betreiber erstellt wurden, werden die Urheberrechte Dritter beachtet. Insbesondere werden Inhalte Dritter als solche gekennzeichnet. Sollten Sie trotzdem auf eine  Urheberrechtsverletzung aufmerksam werden, bitten wir um einen  entsprechenden Hinweis. Bei Bekanntwerden von Rechtsverletzungen werden  wir derartige Inhalte umgehend entfernen.<\/p>\n\n\n\n<p><\/p>\n","protected":false},"excerpt":{"rendered":"<p>Vereinsanschrift Materialverteilung Kassel e.V.Lange Str. 3934131 Kasselkontakt [at] materialverteilung.org Postanschrift Materialverteilung Kassel e.V. &#8211; KARLA-Projekt &#8211;K\u00f6lnische Str. 18334119 Kassel Vertreten durch: Jens Steuber (1. Vorsitzender)Ralf Meier-B\u00f6ke (2. Vorsitzender) Eintragung im Vereinsregister Amtsgericht Kassel, VR 5721 Kontakt Telefon: 0049 561 879 478 11E-Mail: info@karla-lastenrad.deNotfallnr. (nur bei St\u00f6rungen der Ausleihe): 0155 6026 9004 Spendenkonto Kontoinhaber: Materialverteilung Kassel [&hellip;]<\/p>\n","protected":false},"author":5,"featured_media":0,"parent":0,"menu_order":0,"comment_status":"closed","ping_status":"closed","template":"","meta":{"footnotes":""},"class_list":["post-123","page","type-page","status-publish","hentry"],"_links":{"self":[{"href":"https:\/\/www.karla-lastenrad.de\/d\/wp-json\/wp\/v2\/pages\/123","targetHints":{"allow":["GET"]}}],"collection":[{"href":"https:\/\/www.karla-lastenrad.de\/d\/wp-json\/wp\/v2\/pages"}],"about":[{"href":"https:\/\/www.karla-lastenrad.de\/d\/wp-json\/wp\/v2\/types\/page"}],"author":[{"embeddable":true,"href":"https:\/\/www.karla-lastenrad.de\/d\/wp-json\/wp\/v2\/users\/5"}],"replies":[{"embeddable":true,"href":"https:\/\/www.karla-lastenrad.de\/d\/wp-json\/wp\/v2\/comments?post=123"}],"version-history":[{"count":7,"href":"https:\/\/www.karla-lastenrad.de\/d\/wp-json\/wp\/v2\/pages\/123\/revisions"}],"predecessor-version":[{"id":2877,"href":"https:\/\/www.karla-lastenrad.de\/d\/wp-json\/wp\/v2\/pages\/123\/revisions\/2877"}],"wp:attachment":[{"href":"https:\/\/www.karla-lastenrad.de\/d\/wp-json\/wp\/v2\/media?parent=123"}],"curies":[{"name":"wp","href":"https:\/\/api.w.org\/{rel}","templated":true}]}}

<h4 class="wp-block-heading">Vereinsanschrift</h4>



<p>Materialverteilung Kassel e.V.<br>Lange Str. 39<br>34131 Kassel<br>kontakt [at] materialverteilung.org</p>



<h4 class="wp-block-heading">Postanschrift</h4>



<p>Materialverteilung Kassel e.V.<br> &#8211; KARLA-Projekt &#8211;<br>Kölnische Str. 183<br>34119 Kassel</p>



<h4 class="wp-block-heading">Vertreten durch:  </h4>



<p>Jens Steuber (1. Vorsitzender)<br>Ralf Meier-Böke (2. Vorsitzender)</p>



<h4 class="wp-block-heading">Eintragung im Vereinsregister</h4>



<p>Amtsgericht Kassel, VR 5721</p>



<h4 class="wp-block-heading">Kontakt</h4>



<p>Telefon: 0049 561 879 478 11<br>E-Mail: info@karla-lastenrad.de<br><strong>Notfallnr.</strong> (nur bei Störungen der Ausleihe): 0155 6026 9004</p>



<h4 class="wp-block-heading">Spendenkonto</h4>



<p><strong>Kontoinhaber</strong>: Materialverteilung Kassel e.V.<br><strong>Geldinstitut</strong>: Kasseler Sparkasse<br><strong>BIC</strong>: HELADEF1KAS<br><strong>IBAN</strong>: DE89 5205 0353 0002 2276 90<br><strong>Verw.Zweck</strong>: &#8222;Projekt KARLA&#8220;</p>



<h4 class="wp-block-heading">Verantwortlich für den Inhalt nach § 55 Abs. 2 RStV: </h4>



<h4 class="wp-block-heading">Haftung für Inhalte </h4>



<p>Alle Inhalte unseres Internetauftritts wurden mit größter Sorgfalt und nach bestem Gewissen erstellt. Für die Richtigkeit, Vollständigkeit und Aktualität der Inhalte können wir jedoch keine Gewähr übernehmen. Als   Diensteanbieter sind wir gemäß § 7 Abs.1 TMG für eigene Inhalte auf diesen Seiten nach den allgemeinen Gesetzen verantwortlich. Nach §§ 8 bis 10 TMG sind wir als Diensteanbieter jedoch nicht verpflichtet, übermittelte oder gespeicherte fremde Informationen zu überwachen oder nach Umständen zu forschen, die auf eine rechtswidrige Tätigkeit hinweisen. Verpflichtungen zur Entfernung oder Sperrung der Nutzung von Informationen nach den allgemeinen Gesetzen bleiben hiervon unberührt. <br><br>Eine diesbezügliche Haftung ist jedoch erst ab dem Zeitpunkt der Kenntniserlangung einer konkreten Rechtsverletzung möglich. Bei Bekanntwerden von den o.g. Rechtsverletzungen werden wir diese Inhalte unverzüglich entfernen.  </p>



<h4 class="wp-block-heading">Haftungsbeschränkung für externe Links </h4>



<p>Unser Angebot enthält Links zu externen Websites Dritter, auf deren Inhalte wir keinen Einfluss haben. Deshalb können wir für diese fremden Inhalte auch keine Gewähr übernehmen. Für die Inhalte der verlinkten Seiten ist stets der jeweilige Anbieter oder Betreiber der Seiten verantwortlich. Die verlinkten Seiten wurden zum Zeitpunkt der Verlinkung auf mögliche Rechtsverstöße überprüft.<br> Rechtswidrige Inhalte waren zum Zeitpunkt der Verlinkung nicht erkennbar.<br><br>Eine permanente inhaltliche Kontrolle der verlinkten Seiten ist jedoch ohne konkrete Anhaltspunkte einer Rechtsverletzung nicht zumutbar. Bei Bekanntwerden von Rechtsverletzungen werden wir derartige Links umgehend entfernen.</p>



<h4 class="wp-block-heading"><strong>Urheberrecht</strong> </h4>



<p>Die durch die Seitenbetreiber erstellten Inhalte und Werke auf diesen Seiten unterliegen dem deutschen Urheberrecht. Die Vervielfältigung, Bearbeitung, Verbreitung und jede Art der Verwertung außerhalb der Grenzen des Urheberrechtes bedürfen der schriftlichen Zustimmung des jeweiligen Autors bzw. Erstellers. Downloads und Kopien dieser Seite sind nur für den privaten, nicht kommerziellen Gebrauch gestattet. <br> Soweit die Inhalte auf dieser Seite nicht vom Betreiber erstellt wurden, werden die Urheberrechte Dritter beachtet. Insbesondere werden Inhalte Dritter als solche gekennzeichnet. Sollten Sie trotzdem auf eine  Urheberrechtsverletzung aufmerksam werden, bitten wir um einen  entsprechenden Hinweis. Bei Bekanntwerden von Rechtsverletzungen werden  wir derartige Inhalte umgehend entfernen.</p>



<p></p>

<p>Vereinsanschrift Materialverteilung Kassel e.V.Lange Str. 3934131 Kasselkontakt [at] materialverteilung.org Postanschrift Materialverteilung Kassel e.V. &#8211; KARLA-Projekt &#8211;Kölnische Str. 18334119 Kassel Vertreten durch: Jens Steuber (1. Vorsitzender)Ralf Meier-Böke (2. Vorsitzender) Eintragung im Vereinsregister Amtsgericht Kassel, VR 5721 Kontakt Telefon: 0049 561 879 478 11E-Mail: info@karla-lastenrad.deNotfallnr. (nur bei Störungen der Ausleihe): 0155 6026 9004 Spendenkonto Kontoinhaber: Materialverteilung Kassel [&hellip;]</p>
